he remainder when 35 is divided by u?
8
What is the remainder when 83 is divided by -7 + (-4 - -12) - -27?
27
Let v = -264 - -383. Suppose -3*x + 25*x = 550. What is the remainder when v is divided by x?
19
Let s(d) = -d - 4. Let t be s(-5). Let b = t - -3. Suppose -28 = 3*u - b*u. Calculate the remainder when 82 is divided by u.
26
Let q(w) = -8*w + 49. Suppose 9 = -a - 5. Calculate the remainder when q(a) is divided by 33.
29
Let k = -132 + 253. Let i be 22/k + (-185)/(-11). Suppose -3*l - 27 = -4*q + 39, q - l - i = 0. What is the remainder when 57 is divided by q?
12
Let y(x) = -x**3 - 7*x**2 - 7*x + 3. What is the remainder when y(-6) is divided by 12/(-54) - 29/(-9)?
0
Let p(d) = -2 - 60*d**2 + 117*d**2 - d - 56*d**2 + 78. Suppose 27 = m + 1. What is the remainder when p(0) is divided by m?
24
Suppose 4*p + 5*w = -0*p + 28, -4*p - w = -28. Suppose -a + 2*k + 37 = 0, -k - 4 = -9. What is the remainder when a is divided by p?
5
What is the remainder when 104 is divided by (-10)/(-2) - (-49 - 4)?
46
Let f(y) = -9*y - 47. Let l(g) = 3*g + 16. Let d(i) = 6*f(i) + 17*l(i). What is the remainder when 113 is divided by d(-13)?
26
Let r = 174 - 110. Let t = r + -33. What is the remainder when 120 is divided by t?
27
Let f(x) = -x + 12. Suppose 2*p + 0 = 5*s + 40, 4*s + 3*p = -9. What is the remainder when (180/(-24))/(1/s) is divided by f(-11)?
22
Suppose 6*j + 45 = 11*j. Suppose j = -k + 18. What is the remainder when 12 is divided by k?
3
Suppose 2*w + n + 4*n - 542 = 0, w = 3*n + 293. Calculate the remainder when w is divided by 32.
25
Suppose -r = 7*r - 520. Suppose -13*q + 0*q = -r. What is the remainder when 22 is divided by q?
2
Suppose 0 = 5*s - 61 - 49. Let r = -17 - -16. What is the remainder when r - 1 - (-35 - 9) is divided by s?
20
Let r = -600 - -686. What is the remainder when r is divided by 14?
2
Calculate the remainder when 967 is divided by ((-135)/75)/(-3*4/540).
76
Suppose 7*i - 87 = -24. What is the remainder when 29 is divided by i?
2
Let h = -164 - -158. Let u(m) = 4*m + 17. Let n(p) = 12*p + 50. Let y(k) = -4*n(k) + 11*u(k). Calculate the remainder when 21 is divided by y(h).
10
Let u(o) = 14*o - 3. Let m be u(2). Let a = m + -6. Let p = -23 + 30. What is the remainder when a is divided by p?
5
Let y = 8 - 6. What is the remainder when 106 is divided by (-6)/y - (-29 - 1)?
25
Suppose 219 = -8*v - 53. Let t = v - -50. Suppose 0 = -2*s + 6*s - 252. Calculate the remainder when s is divided by t.
15
Suppose 2*j + 38 = 4*m, m - 4*j = 3 + 17. What is the remainder when 60 is divided by m?
4
Let h(i) = i**3 - 3*i**2 - 4*i + 16. What is the remainder when 69 is divided by h(3)?
1
Let s(p) = -2*p - 6. Let a be s(0). Let g = 1 - a. Calculate the remainder when 10 is divided by g.
3
What is the remainder when (-299)/(-11) + (-12)/(-792)*-12 is divided by 15?
12
Let l be 5 + (-4)/2 + -10. Let o = 17 - l. Let q = -1 + o. Calculate the remainder when 88 is divided by q.
19
Let i(r) = r**3 - 6*r**2 - 4*r - 1. Let z be i(-4). Let g = 405 - z. What is the remainder when 61 is divided by g/35 + (-6)/(-21)?
13
Suppose i = 5*i + 116. Let h be 1/3 + 68/(-6). Let l = h - i. Calculate the remainder when l is divided by 5.
3
Let k(i) = -18*i**2 - i - 1. Let t be k(-3). Let f = -106 - t. Calculate the remainder when f is divided by 14.
12
Let r(b) = -b - 2. Let m be r(7). Let j = 14 + m. Suppose -j*a + c + 101 = 0, 4*a - 4*c = -0*c + 68. What is the remainder when 41 is divided by a?
20
Calculate the remainder when (-6 + 5)*(-4 - 103) + -5 is divided by 45.
12
Suppose -3 = -2*y - 3*k, 5 - 1 = 3*y + 4*k. Let c be (3/(-2))/(10/(-200)). Suppose q + q - c = y. What is the remainder when 41 is divided by q?
11
Suppose -4*v - 1 = -5, -2*v + 1157 = 5*o. Suppose 13*l = 6*l + o. Calculate the remainder when 95 is divided by l.
29
Suppose 0 = -z - 3 + 1. What is the remainder when z + -11*((-6)/2 - 3) is divided by 14?
8
Let k(n) = n. Let g be k(2). Suppose g*b - 14 = 14. Let w = 69 - 30. What is the remainder when w is divided by b?
11
Let m(u) = u**2 + 5*u - 140. What is the remainder when 94 is divided by m(11)?
22
Let z(x) = 9*x**2 - 2*x - 1. Let n be z(-1). Let v be (-180)/25 - (-2)/n. Calculate the remainder when 91 is divided by (v + 8)*31/1.
29
Let v be 0/(1 - -2) - (2 + 1). Calculate the remainder when 15 is divided by (v*(-2)/(-12))/((-1)/12).
3
Let v(o) = -o**3 - 8*o**2 + 7*o - 10. Suppose -8*j + 18 = -10*j. What is the remainder when v(j) is divided by 4?
0
Let d(p) = -p**3 + 14*p**2 + 5*p - 20. Let y be d(14). Let h = -44 + y. What is the remainder when 11 is divided by h?
5
Suppose 0 = -10*n + 11*n + 5*o - 55, -3*n - o = -95. Calculate the remainder when n is divided by (-1 + 0)*(-3 + -5).
6
Suppose 25*r = 3648 + 377. What is the remainder when r is divided by 27?
26
Suppose 0*o - 5*o = -40. Suppose -o*m = -9*m + 21. Calculate the remainder when m is divided by 11.
10
Let l(q) = q**3 + 12*q**2 + 21*q + 15. Calculate the remainder when l(-9) is divided by 39.
30
Let u(l) = 2*l - 6. Suppose 4*p - 182 = -3*j, 3*p + j - 74 = 65. What is the remainder when p is divided by u(9)?
11
Suppose -5*a + 3*h - 6*h = 117, 2*a + 30 = 3*h. What is the remainder when 144 is divided by 27/(-15)*245/a?
18
Suppose -1059 - 1832 = -7*h. Calculate the remainder when h is divided by 52.
49
Suppose 0 = 5*j - 123 - 47. Let y be 2 - (4/2 - -1) - 1. Let u(v) = 3*v**2 - 3. What is the remainder when j is divided by u(y)?
7
Suppose -54 - 6 = -4*y. Suppose 0*r + 2*r - q - 12 = 0, -5*q = 10. Suppose -r*g + 24 + 32 = -4*j, -2*j + 8 = 2*g. What is the remainder when y is divided by g?
7
Suppose 15 = 4*c + c. Suppose -7*h + 25 = -3. Suppose -13 = -y + h*r, -5*y = c*r - r - 65. What is the remainder when 51 is divided by y?
12
Suppose -4*o - 2*p = -82, 0 = o + 4*o - p - 113. Suppose -m = 4*m + 330. Let g = -2 - m. Calculate the remainder when g is divided by o.
20
Suppose -5*l + 4*l = 19. Let h = l + 29. Calculate the remainder when 67 is divided by h.
7
Let d be ((-4)/1)/(5/10). Let r be 4*(-4)/d + -23. Let u = 64 + r. What is the remainder when u is divided by 15?
13
Let u be 1638/8 + (-8)/(-32). Suppose 4*j - u = -f, -f + 187 + 8 = -j. Let m = f + -119. What is the remainder when m is divided by 27?
24
Suppose 0 = -83*x - 614 + 2855. What is the remainder when 453/9 + (-1)/3 is divided by x?
23
Suppose -t - 2*j + 3 = -3*j, 6 = 2*t - 3*j. Suppose 10*c - 182 = t*c. What is the remainder when 127 is divided by c?
23
Suppose 2*x - 10 = -0*x. Let n = 7 - x. What is the remainder when (n/(-3))/(11/(-1353)) is divided by 28?
26
Let l(x) be the second derivative of 5*x**4/6 + x**3/6 - 6*x. What is the remainder when ((-126)/8)/(159/24 - 7) is divided by l(1)?
9
What is the remainder when (-18785)/(-39) + (-1)/(-3) is divided by 22?
20
Let h be (2/(-3))/((-6)/(-81)*-3). Let f(w) be the first derivative of 2*w**3/3 - 5*w**2/2 + 2*w - 1. What is the remainder when 9 is divided by f(h)?
4
Let t = 871 + -828. What is the remainder when 643 is divided by t?
41
Suppose 0 = 3*v - 458 - 205. Calculate the remainder when v is divided by 25.
21
Let f = 32 + -26. Calculate the remainder when 27 is divided by f.
3
Let l(t) = -26*t - 1. Let d be 20/11 + (-6)/(-33). Suppose d*x + x = 39. What is the remainder when l(-1) is divided by x?
12
Let n = 1257 + -1094. Calculate the remainder when n is divided by 15.
13
What is the remainder when ((-1124)/6)/((-132)/198) is divided by 17?
9
Let o(i) be the third derivative of i**5/60 + 7*i**4/8 + 23*i**3/3 + 5*i**2. Calculate the remainder when 45 is divided by o(-20).
19
What is the remainder when 13 is divided by 2/(-8) + (-102)/(-24)?
1
Let q = 147 - 35. Calculate the remainder when q is divided by (-957)/22*(-4)/6.
25
Suppose -5*k = -k + 4. What is the remainder when (-1436)/(-32) + k/(-8) is divided by 23?
22
Let f(i) = 8*i - 19. Let y be f(15). Suppose 0 = 6*a - y - 25. Calculate the remainder when 124 is divided by a.
19
Let q(o) = -o**3 + 2*o**2 + 20*o - 21. Calculate the remainder when 297 is divided by q(3).
27
Let t(d) = d**3 - 6*d**2 + 3*d + 6. Let m(n) = 50*n + 243. What is the remainder when m(-2) is divided by t(6)?
23
Suppose 0 = 11*y - 12*y + 400. What is the remainder when y is divided by 13?
10
Let y(n) = -38*n + 1 + 28*n - 8. Let 